191
Let o = -16 + 45. What are the prime factors of o?
29
Let s(x) = 5*x + 1. Let a(o) = -4*o - 1. Let t(c) = -6*a(c) - 4*s(c). What are the prime factors of t(4)?
2, 3
Suppose 128 = 4*j - 1560. What are the prime factors of j?
2, 211
Let z be (-64)/24*(-30)/4. Let d = z + -8. List the prime factors of d.
2, 3
Let q = -4 - -5. Suppose -q = 5*i - 11. List the prime factors of i.
2
Let l = 64 + -34. Suppose -2*f - f + l = 0. What are the prime factors of 76/f + (-4)/(-10)?
2
Let j = 8 + 29. List the prime factors of j.
37
Let w be (-15)/(-6)*-2*-1. Suppose 18 = x + 2*z, x - 65 = -4*x - w*z. Let b = -1 + x. List the prime factors of b.
7
Let m(i) = -i**3 - 10*i**2 - 7*i + 22. List the prime factors of m(-9).
2
Let c = 114 + -40. List the prime factors of c.
2, 37
Let u = -109 - -279. List the prime factors of u.
2, 5, 17
Suppose 2*p - 27 = -l, -p = -l - 2*p + 24. What are the prime factors of l?
3, 7
Suppose -15 + 6 = -3*u. Let z(o) = o - 1. List the prime factors of z(u).
2
Let n(a) = -a**3 - 5*a**2 + 5*a - 4. What are the prime factors of n(-6)?
2
Suppose 0*a = -6*a + 12. What are the prime factors of -4 + 11/a*2?
7
Let k(a) = -a**3 + 5*a**2 + 7*a - 6. Let q be k(6). Suppose 3*z = -z + 160. Suppose 2*d + 2*d - z = q. List the prime factors of d.
2, 5
Let l be (-6)/(-10)*(-2 + -3). Let n be l/(3 - (-15)/(-4)). Suppose -n*h + 20 = -20. What are the prime factors of h?
2, 5
Suppose -9 = 4*t - 161. List the prime factors of t.
2, 19
Let r(g) = g**2 - g. Suppose 3*m + 3 = -0. Let x be r(m). Suppose x*b + 6 = -0*k + 3*k, 4*k - 13 = b. List the prime factors of b.
3
Suppose -648 = -4*y + 4*i, -4*i - 13 = 7. List the prime factors of y.
157
Let m(q) = 5*q - 1. Let w(o) = 2 - o + 2*o - 4. Let c be w(4). List the prime factors of m(c).
3
Let s be (-2210)/(-18) + (-20)/(-90). Suppose -5*w + 45 + s = -2*q, 2*q + 32 = w. What are the prime factors of w?
2, 17
Let a(n) = 29*n + 26. List the prime factors of a(8).
2, 3, 43
Let a(g) = -g + 88. What are the prime factors of a(16)?
2, 3
Let y(c) = -3 + 0*c - 2 + c. Let k be y(7). Suppose 4*g - 16 = k*z - 6*z, -z - 4*g - 11 = 0. What are the prime factors of z?
3
Suppose 0 = 4*m - 2*n + 400, 4*n - 94 = m + 5*n. Let k be 2/(-8) + m/(-8). Suppose 5*j = 6*j - k. List the prime factors of j.
2, 3
Let b = -2 - -6. Let v be b/10 - (-39)/15. Suppose v*k - 14 - 10 = 0. What are the prime factors of k?
2
Suppose -3*f = 4*v - 0*v + 25, f - 17 = 5*v. Let y = v + -6. What are the prime factors of (1 - 2)*(y + 3)?
7
Let x be -1 - -2 - (2 + -3). Let j = x + 22. List the prime factors of j.
2, 3
Suppose 607 = -9*a + 2668. List the prime factors of a.
229
List the prime factors of (75/(-10) - 4)/((-3)/6).
23
Let a = 26 + -10. Suppose -3*f = 5*r - 7 - 40, 2*r - a = -4*f. What are the prime factors of r?
2, 5
Let a = -3 + 3. Suppose a = 5*r + z + 4*z + 175, -2*r + z = 82. List the prime factors of (-6)/r + (-501)/(-39).
13
Suppose 2*v + 12 = 3*v + 5*z, -2*v = -4*z + 4. Let c(d) = 3*d**2 - 5*d**2 - d**3 - v*d - 8 - 4*d**2. What are the prime factors of c(-6)?
2
Let d = -10 + 16. Let f be 20/d + 8/12. Suppose 3*t + 14 = f*c - 9, -4*c - 5*t = -15. List the prime factors of c.
5
Suppose -287*i + 282*i + 765 = 0. What are the prime factors of i?
3, 17
Let u = -9 + 7. What are the prime factors of 1*(43 - -2 - u)?
47
Suppose 0 = -o + 2*q + 372, 410 = 2*o + q - 349. Suppose -4*v + o = 82. Suppose 14 - v = -4*k. What are the prime factors of k?
3, 5
Let u(x) = -x**2 - 5*x + 4. Let i(m) = m**3 - 3*m**2 - m - 1. Let z be i(3). List the prime factors of u(z).
2
Let n(g) = 7*g - 3. Let d be n(-5). Let m = -17 - d. What are the prime factors of m?
3, 7
Suppose q - 91 = -21. What are the prime factors of q?
2, 5, 7
Suppose -4*y + 3 - 1 = -2*l, -5*y + 5*l + 5 = 0. Suppose y*v + 5*v = 85. List the prime factors of v.
17
List the prime factors of (214 - 19)*1/3.
5, 13
Suppose -3*b = -86 - 169. What are the prime factors of b?
5, 17
Let n(p) = -p**3 - 10 - 7*p**2 - 8*p + 6 + 0. List the prime factors of n(-6).
2
Let k(l) = 2*l**2 - 3*l - 7. List the prime factors of k(7).
2, 5, 7
Let k(j) = j**2 - 5*j + 6. Let r be k(4). Suppose 0 = -5*p - 2*x + 61, r*p + 2*x = 37 - 9. List the prime factors of p.
11
List the prime factors of (-4)/16 - 1229/(-4).
307
What are the prime factors of 40 - -1 - (13 + -11)?
3, 13
Suppose 0*v - 20 = 2*g + 5*v, 4*g + 3*v = -26. Let h be 6 - (-4)/(2 + 0). Let i = g + h. List the prime factors of i.
3
Let x(s) = -3*s**3 - 1. Let a be x(-1). Suppose a*l - 20 = -0*l. Suppose i - 3*i - l = -3*f, 16 = 4*f - 4*i. List the prime factors of f.
2
Let n be -7 + (2 - (-4 + 3)). Let s be (6/n)/(9/(-336)). Suppose 2*w + 2*w = s. What are the prime factors of w?
2, 7
What are the prime factors of (-12)/(-72) - (-3070)/12?
2
Let u(o) be the second derivative of -o**4/12 + o**3 + 2*o**2 - o. Let c be u(8). List the prime factors of (-114)/(-8) + (-9)/c.
3, 5
Let b(k) = k**3 + 4*k**2 + 2*k. Let f be b(-3). What are the prime factors of (-12)/f*(-2)/4?
2
Let r(d) be the second derivative of d**4/3 - d**3/6 - 2*d. List the prime factors of r(1).
3
Let n = 8 + -6. Suppose -3*b - 86 = -4*w, 5*w - n*b - 174 + 63 = 0. List the prime factors of w.
23
Let x = -28 + 47. What are the prime factors of x?
19
Suppose -6*z = -3*z + 27. Let v(c) = 7 - 3 - 3 - c. List the prime factors of v(z).
2, 5
Let o(i) = -2*i**2 - 2*i + 8. Let g(d) = -d**2 - d. Let w(s) = 3*g(s) - o(s). Let b be w(0). What are the prime factors of (-36)/(-16) + 2/b?
2
Suppose -4*y + 0*x - 4*x = 0, 4 = x. Let s = 7 + y. Suppose s*u = 3 + 18. List the prime factors of u.
7
Let j(w) = w**3 + 11*w**2 + 3*w - 15. What are the prime factors of j(-8)?
3, 17
Let f(k) = k**3 - 7*k**2 + 14*k - 15. List the prime factors of f(6).
3, 11
Suppose -5*y + 62 = -93. Suppose -3*r + 8*r - 3*w = 227, -5*w = 4*r - 152. Let a = r - y. What are the prime factors of a?
2, 3
Let c = 26 - -36. List the prime factors of c.
2, 31
Suppose 122 = 2*d - j, -11*d - 3*j = -12*d + 56. What are the prime factors of d?
2, 31
Let c(k) = -37*k. What are the prime factors of c(-1)?
37
Suppose x + 2*u + u = 62, 0 = -2*x - u + 129. What are the prime factors of x?
5, 13
Let h = 8 + -5. Let c(v) = 15 + v**h - 28*v + 28*v. What are the prime factors of c(0)?
3, 5
Let w = -71 + 165. Let t = -46 + w. What are the prime factors of t?
2, 3
Suppose -6*g = -2*g. Suppose 0 = 4*y - 2*w - 118, -4*y - w - 4*w + 125 = g. List the prime factors of y.
2, 3, 5
Let t(f) = -f**3 + 8*f**2 + 2. Suppose 0 = -3*n + 4*x + 22 + 15, -n - x = -3. What are the prime factors of t(n)?
3, 17
Let v(a) = -3*a. Let f be v(-6). Suppose -5*n + 0*n + 125 = 0. Let w = n - f. What are the prime factors of w?
7
Suppose -x = 3*o - 76, 0 = o - 4*o + 2*x + 64. List the prime factors of o.
2, 3
Let m = -137 + 231. What are the prime factors of m?
2, 47
Let f(h) = h**3 + 3 + h**2 + h - 2*h + 0 - 3*h. What are the prime factors of f(2)?
7
Let u(k) = k - 2. What are the prime factors of u(5)?
3
Let c(q) = -18*q + q**2 + 7*q - 2*q**2 - 10. What are the prime factors of c(-8)?
2, 7
Let d = -7 + 11. Let j(i) = -3*i - 2. Let p be j(d). Let l = p + 21. What are the prime factors of l?
7
Let h = -2 - 7. Let j = h - -34. What are the prime factors of j?
5
Let b(v) = -2*v - 13. Let t be b(-9). Suppose 0 = z + 3*c - 27, t*z - 79 = 2*c - 12. What are the prime factors of z?
3, 5
Let z = 10 + -5. Suppose z*l - 2*l - 12 = 0. Let x = l + -2. List the prime factors of x.
2
Let u = 29 + -20. List the prime factors of u.
3
Let m(p) = p**2 + 4*p - 5. Let o be m(-5). Suppose 5*q - 2*q - 27 = o. List the prime factors of (-25 - -1)*q/(-12).
2, 3
Suppose 4*v + 15 = -x + 3*v, -2*x - 50 = -3*v. Let h be (377/(-52))/(1/4). Let y = x - h. What are the prime factors of y?
2, 5
Let n be (-69)/(-3) - (-1 - 0). Suppose 0*k - 3*k = -n. Suppose -h = h - k. List the prime factors of h.
2
Let k = -9 + 8. Let p = k + 1. Let y = 15 - p. What are the prime factors of y?
3, 5
What are the prime factors of 2/12 - 665/(-6)?
3, 37
Let j(h) be the first derivative of -h**3/3 + h**2/2 + 47*h + 9. List the prime factors of j(0).
47
Suppose 2*b = z + 92 - 30, -5*b = -z - 149. List the prime factors of b.
29
Let g = -26 + 63. What are the prime factors of g?
37
List the prime factors of -1 + (-2)/(-8) - (-10